
Suppose c + 0*c - 197 = -2*x, -x = 2*c - 391. Suppose -5*t + 3960 = c. What is the remainder when t is divided by 58?
57
What is the remainder when 1551 is divided by (3 + (1 - -11))/((-5)/(-2)) + 508?
9
Suppose 3*k - k = -294. Let h = k - -154. Let d = -70 - -102. What is the remainder when d is divided by h?
4
Suppose -5*p + 29 = -2*h, 3*h = -2*h - 10. Suppose -l + p*l = -t + 94, -5*l = -25. Calculate the remainder when t is divided by 11.
8
Suppose q = -0*j + 5*j - 20, 2*q = 2*j. Let g = -386 - -142. Let m = g - -256. What is the remainder when m is divided by q?
2
Let u = -6 + 12. Suppose -u*t + 11*t = 80. Suppose -t*g = -14*g - 18. Calculate the remainder when 24 is divided by g.
6
What is the remainder when (-2296)/(-20)*20/8 is divided by 37?
28
Suppose 5*g - 5*m = 75, 4*m = 3*g - 8*g + 66. Let l(b) = -6*b - 18. Let y be l(-10). Suppose 2*p - 176 - y = 0. What is the remainder when p is divided by g?
11
Let x = 526 + -644. Let g = x - -187. What is the remainder when 82 is divided by g?
13
Let j = -8 + 17. Let r = j + 2. Calculate the remainder when (54/(-6) + 11)/(4/42) is divided by r.
10
Suppose -8*v - 60 = -18*v. Suppose o + 17 = f + v, 0 = f + 3*o - 19. What is the remainder when f is divided by 12?
1
Calculate the remainder when 101 is divided by 21*((-176)/(-33) - 4).
17
Let c be 295 - (4 + 2) - -1. Let d = c - -457. What is the remainder when d is divided by 30?
27
Let t = 202 - 72. Let b = 139 - t. Calculate the remainder when 42 is divided by b.
6
Let u(g) = -3*g - 67. Let y be (-6)/63 + (-6276)/252. Let n(z) = z**3 + 7*z**2 + 4*z - 2. Calculate the remainder when n(-5) is divided by u(y).
4
Let p(q) = -95*q + 5268. Let d(b) = b + 6. Calculate the remainder when p(53) is divided by d(10).
9
Let c be (-204)/374 - 215/(-11). Suppose -4*x + 11 - 81 = -2*o, 4*o - 5 = -x. Let j = x + c. What is the remainder when 23 is divided by j?
3
Let j = -4622 + 4636. Suppose 3*l - 335 - 115 = 0. What is the remainder when l is divided by j?
10
Let z = 29 + 53. Calculate the remainder when z is divided by 4/((192/(-68))/(-12)).
14
Suppose -32*o = 36 - 4. Let i = 70 - o. What is the remainder when i is divided by 6?
5
Suppose -4*x - 5*g + 13 - 66 = 0, -4*x + 3*g = 13. What is the remainder when 43 is divided by -3 - ((-6 - x) + -14)?
3
Suppose 6557 = 6*b - 3775. What is the remainder when b is divided by 69?
66
Suppose -41*a + 744 + 3694 = -1630. What is the remainder when 885 is divided by a?
145
Calculate the remainder when 3 - (8/(-28) - 8964/84) is divided by 32.
14
Let y = 76 + -59. Let g = 14 - 14. Suppose -130 = -2*q - g*q. Calculate the remainder when q is divided by y.
14
Let o(f) = 46*f**2 + 5*f + 2. Let g(x) = -x**3 - 116*x**2 + 10*x + 1261. Calculate the remainder when o(-3) is divided by g(-116).
98
Suppose -34*r + 48*r = 840. Suppose 6*i - 124 = -2*g + 4*i, 3*i = -g + r. Calculate the remainder when g is divided by 11.
8
Suppose -5*n = 16 - 51. Let q be 24/48 - n/(-2). Suppose 0*g + 56 = q*g. Calculate the remainder when 54 is divided by g.
12
Let m(f) = 6 - 12 + 6*f + 3*f**2 - 3 + 3*f**2. Calculate the remainder when m(3) is divided by 11.
8
Suppose 3*n + 26 - 137 = 0. Suppose 41*h - 164 = n*h. Suppose -36*d - 25 = -h*d. What is the remainder when 31 is divided by d?
1
Suppose -2*d - 2*o + 20 = 0, -d + 5*d + 3*o - 43 = 0. Suppose 3*t = 0, -r = 3*t - 8*t - 43. What is the remainder when r is divided by d?
4
Let h be ((-91)/(-26))/((-1)/(-6)). Suppose a = -7 + h. What is the remainder when 81 is divided by a?
11
Let c(q) = -q**2 + 4*q - 4. Let x be c(3). Calculate the remainder when 117 - (35/10 - x/2) is divided by 30.
23
Suppose 0 = h - l - 300 - 820, l = -3*h + 3352. What is the remainder when h is divided by 37?
8
Suppose -c = -4*f + 7743 + 404, 0 = 2*f + 3*c - 4091. Calculate the remainder when f is divided by 665.
43
Suppose 5*c - 32 = -y, 3*c + 10 = 3*y + 4. Let q(u) = -1412*u + 76294. Calculate the remainder when q(54) is divided by y.
4
Let j(u) = 10*u + 2*u - 4*u. Let m be j(-1). Let i = m + 47. Calculate the remainder when 112 is divided by i.
34
Suppose 3*h - 7*h + b = 690, -178 = h - 3*b. Let u = 186 + h. Calculate the remainder when u is divided by 3.
2
Let u = 25266 + -24791. What is the remainder when u is divided by 71?
49
Let q be (-9 - -7)*(-277)/(-2)*1. Let d = q - -461. Calculate the remainder when d is divided by 16.
8
Suppose 0 = -0*u - 9*u + 15*u - 78. What is the remainder when 1381 is divided by u?
3
Suppose 5*z - 406 = 204. Let d = -391 + 429. What is the remainder when z is divided by d?
8
Suppose -20 = -3*d - r, 19*d + 3*r = 22*d. Suppose -18 + 3 = 3*p, 3*p + 80 = d*v. What is the remainder when v is divided by 7?
6
Suppose -2*f - 244 = 2*x - 7*x, 5*x = -f + 253. Suppose -2*a = 5*m - 53, 95*m - 94*m - 4*a - 59 = 0. What is the remainder when x is divided by m?
5
Let s(y) = -10*y + 4. Let d be s(3). Let j = d - -30. Suppose -14 = -j*k + 18. What is the remainder when 47 is divided by k?
7
Suppose -5*r - 25*r - 5010 = 0. Let d = 204 + r. Calculate the remainder when 330 is divided by d.
34
Let x(s) = -s**3 - 10*s**2 + 11*s**2 + 0 + 53*s + 8 - 35*s. Calculate the remainder when 318 is divided by x(-4).
14
Let t be 2/(1 + 6/(-4)). Calculate the remainder when (-1)/t - 1005/(-12) is divided by 42/(-38) - -1 - (-76440)/3458.
18
Let w = -358 + 915. Calculate the remainder when 582 is divided by w.
25
Suppose 0 = -3*o + 24 + 3. Let t(c) = -c**3 + 10*c**2 - 6*c - 10. What is the remainder when ((-66)/10)/((-5)/75) is divided by t(o)?
14
Let g(m) = -6*m - 9. Let c be (24/(-40))/(2/(-10)). Suppose 0*b - 3*b + c*d = 12, b = -3*d - 4. Calculate the remainder when 42 is divided by g(b).
12
Let d = -48 - -99. Calculate the remainder when 11 is divided by d/18 + -5 + 31/6.
2
Let t = 60 - 77. Let s(j) = -j**2 - 19*j + 10. Let n(b) = 13*b**3 + 2*b**2 - 2*b + 1. What is the remainder when s(t) is divided by n(1)?
2
Calculate the remainder when (-11200)/(-56) - (-14 + 0) is divided by 38.
24
Let d(b) = 6*b**2 + 7*b - 3. Suppose 36*t = 45*t + 54. Calculate the remainder when d(t) is divided by 36.
27
Let o = 1034 + -415. Suppose -239 = 4*y - o. What is the remainder when y is divided by 10?
5
Suppose 3*s - 337 = -10*k, -4*s + 433 = -25*k + 22*k. Let d be (5/2)/((-2)/(-44)). Suppose 0 = 4*f + d - 203. What is the remainder when s is divided by f?
35
Let t = 7097 + -6960. What is the remainder when 413 is divided by t?
2
Let d = -40822 - -40859. Suppose 0 = -4*m - 5*t + 99, 0 = m + t + 4*t - 21. Calculate the remainder when d is divided by (2 + -1)*m/2.
11
Suppose 2*r = -r - 3*d, -5*d - 40 = -5*r. Suppose -r*v = v. Suppose v = -3*o + 237 + 126. Calculate the remainder when o is divided by 31.
28
Suppose -2*h = -d + 1, 6 = -4*d + 4*h + 2. What is the remainder when -6*(-160)/6 - d/(-3) is divided by 23?
21
Suppose -4*n = 5*i - 9*i - 992, -n + 206 = 5*i. Calculate the remainder when n is divided by 35.
31
Suppose -75*a - 5642 = -189*a - 854. What is the remainder when 695 is divided by a?
23
Suppose -3*y = -4*o + 14, 3*y + o + 3*o - 2 = 0. Let l be (-2)/(-5)*(-10 - 0/y). Let t = 15 - l. Calculate the remainder when 36 is divided by t.
17
Let z(h) = -17*h - 1. Suppose 162 = 4*q - 2*s, 3*q - 152*s = -153*s + 109. Calculate the remainder when q is divided by z(-2).
5
Let q(c) = -13*c - 27. Let r be q(-2). Calculate the remainder when r/(-5) + 908/10 is divided by 35.
21
Suppose 100 = 3*j + 2*j. Let y(b) = 19*b**2 - 22*b + 47. Let f be (-2*(-3)/6)/(5/10). Calculate the remainder when y(f) is divided by j.
19
Let q(x) = -x**2 - 9*x - 10. Suppose -5*m + 10 = 245. Let r = m - -86. Calculate the remainder when r is divided by q(-6).
7
Let n = 2852 - 2842. Calculate the remainder when 855 is divided by n.
5
Suppose -374*w + 392*w = 1926. Suppose -2*p - 5*u + w = 0, 21 = -2*p + 3*p - 4*u. Calculate the remainder when 78 is divided by p.
37
Let n = -9886 - -10391. Calculate the remainder when 551 is divided by n.
46
Let w(b) = b**2 + 7*b - 1. Let j be w(-4). Let y(q) = 2*q**2 - 4 - 3*q**2 + 3*q**2 + 20*q + 14. Calculate the remainder when y(j) is divided by 30.
28
Suppose 5*p - 4*f - 291 = 0, -2*p - 57 = 2*f - 159. Suppose 4*o = -2*k + 4*k + 150, o = 4*k + p. What is the remainder when 173 is divided by o?
33
Let r(a) = a**2 + 20*a 